hen 51 is divided by 13.
12
What is the remainder when 2702 is divided by 104?
102
What is the remainder when 87 is divided by 69?
18
What is the remainder when 470 is divided by 227?
16
Calculate the remainder when 58 is divided by 21.
16
Calculate the remainder when 1139 is divided by 32.
19
Calculate the remainder when 68 is divided by 6.
2
Calculate the remainder when 189 is divided by 57.
18
Calculate the remainder when 348 is divided by 78.
36
Calculate the remainder when 147 is divided by 44.
15
Calculate the remainder when 81 is divided by 30.
21
Calculate the remainder when 172 is divided by 21.
4
What is the remainder when 602 is divided by 73?
18
What is the remainder when 652 is divided by 41?
37
What is the remainder when 296 is divided by 51?
41
What is the remainder when 901 is divided by 445?
11
Calculate the remainder when 78 is divided by 9.
6
What is the remainder when 5615 is divided by 72?
71
What is the remainder when 8109 is divided by 16?
13
What is the remainder when 14 is divided by 6?
2
Calculate the remainder when 2620 is divided by 37.
30
What is the remainder when 79 is divided by 29?
21
What is the remainder when 1135 is divided by 17?
13
What is the remainder when 261 is divided by 63?
9
What is the remainder when 117 is divided by 4?
1
What is the remainder when 1117 is divided by 10?
7
What is the remainder when 164 is divided by 130?
34
Calculate the remainder when 5453 is divided by 127.
119
What is the remainder when 571 is divided by 281?
9
What is the remainder when 661 is divided by 36?
13
What is the remainder when 246 is divided by 132?
114
Calculate the remainder when 21 is divided by 13.
8
What is the remainder when 4738 is divided by 30?
28
What is the remainder when 18283 is divided by 82?
79
What is the remainder when 535 is divided by 34?
25
What is the remainder when 179 is divided by 37?
31
What is the remainder when 192 is divided by 73?
46
Calculate the remainder when 511 is divided by 64.
63
Calculate the remainder when 101 is divided by 6.
5
Calculate the remainder when 2149 is divided by 8.
5
What is the remainder when 786 is divided by 25?
11
What is the remainder when 42 is divided by 16?
10
Calculate the remainder when 1429 is divided by 59.
13
What is the remainder when 285 is divided by 93?
6
Calculate the remainder when 2419 is divided by 15.
4
What is the remainder when 2216 is divided by 11?
5
What is the remainder when 156 is divided by 34?
20
Calculate the remainder when 194 is divided by 11.
7
Calculate the remainder when 28 is divided by 12.
4
What is the remainder when 343 is divided by 110?
13
Calculate the remainder when 207 is divided by 16.
15
Calculate the remainder when 1066 is divided by 12.
10
What is the remainder when 8 is divided by 3?
2
Calculate the remainder when 5151 is divided by 184.
183
What is the remainder when 3452 is divided by 574?
8
Calculate the remainder when 321 is divided by 47.
39
Calculate the remainder when 3351 is divided by 13.
10
Calculate the remainder when 5798 is divided by 29.
27
Calculate the remainder when 2463 is divided by 48.
15
What is the remainder when 382 is divided by 90?
22
Calculate the remainder when 139 is divided by 3.
1
Calculate the remainder when 941 is divided by 40.
21
What is the remainder when 1638 is divided by 8?
6
Calculate the remainder when 317 is divided by 27.
20
What is the remainder when 109 is divided by 22?
21
What is the remainder when 112 is divided by 17?
10
Calculate the remainder when 99 is divided by 54.
45
Calculate the remainder when 24 is divided by 6.
0
What is the remainder when 296 is divided by 12?
8
Calculate the remainder when 254 is divided by 16.
14
What is the remainder when 1229 is divided by 71?
22
Calculate the remainder when 22913 is divided by 10.
3
What is the remainder when 538 is divided by 25?
13
Calculate the remainder when 5273 is divided by 6.
5
Calculate the remainder when 855 is divided by 94.
9
Calculate the remainder when 3340 is divided by 38.
34
What is the remainder when 1235 is divided by 59?
55
Calculate the remainder when 201 is divided by 34.
31
Calculate the remainder when 9219 is divided by 39.
15
What is the remainder when 2259 is divided by 19?
17
What is the remainder when 86 is divided by 41?
4
Calculate the remainder when 1095 is divided by 20.
15
What is the remainder when 118 is divided by 39?
1
Calculate the remainder when 463 is divided by 116.
115
What is the remainder when 12256 is divided by 18?
16
What is the remainder when 83 is divided by 60?
23
Calculate the remainder when 159 is divided by 23.
21
Calculate the remainder when 237 is divided by 16.
13
What is the remainder when 988 is divided by 99?
97
Calculate the remainder when 195 is divided by 26.
13
What is the remainder when 1113 is divided by 32?
25
Calculate the remainder when 411 is divided by 18.
15
Calculate the remainder when 1930 is divided by 92.
90
Calculate the remainder when 62 is divided by 37.
25
What is the remainder when 80 is divided by 12?
8
What is the remainder when 62 is divided by 13?
10
Calculate the remainder when 315 is divided by 64.
59
Calculate the remainder when 339 is divided by 51.
33
What is the remainder when 128 is divided by 9?
2
What is the remainder when 47 is divided by 10?
7
What is the remainder when 5868 is divided by 16?
12
What is the remainder when 276 is divided by 72?
60
What is the remainder when 186 is divided by 22?
10
What is the remainder when 433 is divided by 29?
27
Calculate the remainder when 2220 is divided by 224.
204
What is the remainder when 87 is divided by 15?
12
Calculate the remainder when 1325 is divided by 38.
33
Calculate the remainder when 100 is divided by 50.
0
Calculate the remainder when 874 is divided by 5.
4
What is the remainder when 975 is divided by 244?
243
Calculate the remainder when 90 is divided by 39.
12
What is the remainder when 234 is divided by 50?
34
What is the remainder when 212 is divided by 12?
8
What is the remainder when 581 is divided by 47?
17
What is the remainder when 13344 is divided by 71?
67
What is the remainder when 325 is divided by 45?
10
What is the remainder when 690 is divided by 181?
147
Calculate the remainder when 165 is divided by 21.
18
Calculate the remainder when 789 is divided by 778.
11
Calculate the remainder when 54694 is divided by 172.
170
What is the remainder when 14 is divided by 7?
0
Calculate the remainder when 378 is divided by 30.
18
What is the remainder when 7833 is divided by 2606?
15
Calculate the remainder when 2551 is divided by 88.
87
Calculate the remainder when 913 is divided by 54.
49
What is the remainder when 581 is divided by 8?
5
Calculate the remainder when 354 is divided by 95.
69
Calculate the remainder when 2514 is divided by 37.
35
Calculate the remainder when 1668 is divided by 10.
8
Calculate the remainder when 397 is divided by 40.
37
Calculate the remainder when 8303 is divided by 124.
119
What is the remainder when 1097 is divided by 254?
81
Calculate the remainder when 898 is divided by 36.
34
What is the remainder when 95 is divided by 34?
27
What is the remainder when 392 is divided by 115?
47
Calculate the remainder when 280 is divided by 46.
4
What is the remainder when 252 is divided by 127?
125
Calculate the remainder when 49 is divided by 17.
15
What is the remainder when 2188 is divided by 61?
53
Calculate the remainder when 14556 is divided by 182.
178
What is the remainder when 1641 is divided by 35?
31
What is the remainder when 321 is divided by 158?
5
Calculate the remainder when 1359 is divided by 328.
47
Calculate the remainder when 130 is divided by 11.
9
Calculate the remainder when 226 is divided by 157.
69
Calculate the remainder when 12439 is divided by 11.
9
Calculate the remainder when 1208 is divided by 595.
18
Calculate the remainder when 6466 is divided by 98.
96
Calculate the remainder when 3766 is divided by 130.
126
Calculate the remainder when 3860 is divided by 46.
42
What is the remainder when 303 is divided by 39?
30
What is the remainder when 92 is divided by 31?
30
What is the remainder when 1454 is divided by 31?
28
Calculate the remainder when 153 is divided by 39.
36
What is the remainder when 1582 is d